 Give n(-110).
-62
Let q(d) = -2*d**2 - 109*d + 2980. What is q(19)?
187
Let k(t) = -55*t**3 + 17*t**2 - 4*t - 13. What is k(1)?
-55
Let l(v) = -4*v**3 - 142*v**2 + 347*v - 1258. Give l(-38).
-4
Let r(d) = -3*d**2 + 1297*d - 8934. Determine r(7).
-2
Let x(f) = 5*f**3 - 626*f**2 + 119*f + 53. Determine x(125).
-697
Let o(g) = 10*g**3 - 56*g**2 - 302*g + 1893. What is o(6)?
225
Let g(s) = -7269*s - 7255. Determine g(-1).
14
Let c(o) = 144802*o + 3475244. Determine c(-24).
-4
Let c(j) = -4*j**3 + 41*j**2 + 71*j - 1044. Give c(9).
0
Let j(l) = -2*l**2 - 53*l - 378. Give j(-14).
-28
Let a(j) = 298*j + 93244. Calculate a(-314).
-328
Let x(w) = -w**3 - 55*w**2 + 826*w - 1977. What is x(3)?
-21
Let y(g) = g**3 + 585*g**2 + 1101*g - 126. What is y(-2)?
4
Let l(c) = 18026*c + 1045471. Give l(-58).
-37
Let c(g) = 426*g**2 - 4288*g + 289. Determine c(10).
9
Let y(j) = 2*j**2 + 1059*j + 76973. Determine y(-87).
-22
Let t(m) = -8*m**3 + 83*m**2 - 522*m + 6372. Give t(11).
25
Let w(v) = 4*v**3 - 543*v**2 + 394*v + 1091. Determine w(135).
-394
Let v(c) = -c**3 + 34*c**2 - 201*c + 115. Give v(26).
297
Let k(c) = -4746*c - 192565. Give k(-41).
2021
Let d(k) = -k**3 - 364*k**2 - 18482*k + 426. Determine d(-303).
123
Let n(v) = 1241*v - 9937. What is n(8)?
-9
Let m(y) = -125459*y - 1129150. What is m(-9)?
-19
Let s(g) = 2*g**3 + 600*g**2 + 1777*g - 1495. Give s(-297).
-10
Let n(w) = -2*w**2 + 360*w + 27607. Calculate n(238).
-1
Let v(x) = x**3 + 36*x**2 + 206*x + 4360. Determine v(-34).
-332
Let n(f) = -f**2 - 254*f - 14256. Determine n(-84).
24
Let t(i) = -137*i - 3591. What is t(-24)?
-303
Let i(w) = -2424*w**2 + 113928*w + 1. Give i(47).
1
Let z(k) = -4*k**3 + 52*k**2 - 200*k + 33. Give z(5).
-167
Let l(z) = 4*z + 1085. Give l(-10).
1045
Let f(k) = -103795*k - 208007. Calculate f(-2).
-417
Let c(r) = -r**3 + 63*r**2 - 760*r + 136. What is c(16)?
8
Let t(q) = -202*q + 12124. Determine t(60).
4
Let t(v) = -6289*v + 50483. Calculate t(8).
171
Let o(m) = -545*m + 153154. Determine o(281).
9
Let b(s) = 2*s**3 - 13*s**2 - 94*s - 535. Calculate b(-11).
-3736
Let c(d) = -24583*d + 147505. Determine c(6).
7
Let d(k) = 5*k**2 + 44*k + 10. What is d(-10)?
70
Let d(k) = -k**2 + 531*k - 70121. Give d(282).
97
Let z(h) = -170*h**3 + 5*h**2 + 25*h + 23. Determine z(-3).
4583
Let h(k) = 1341581*k + 2683158. What is h(-2)?
-4
Let t(c) = -62*c**2 - 1187*c + 17. Determine t(-19).
188
Let k(v) = 158*v**2 + 2137*v + 1065. What is k(-13)?
-14
Let u(t) = -2*t**3 - 449*t**2 - 2560*t + 150822. Give u(-217).
7
Let i(f) = -136*f + 1889. What is i(16)?
-287
Let r(m) = 3*m**3 - 238*m**2 - 32*m - 10237. What is r(80)?
3
Let c(p) = -59*p**2 + 28092*p + 24329. Calculate c(477).
2
Let j(c) = 13*c**3 + 39*c**2 - 159*c - 483. Determine j(-3).
-6
Let a(u) = 20492*u - 9344335. Calculate a(456).
17
Let g(i) = -1065*i + 38329. Determine g(36).
-11
Let w(j) = 9*j**3 + 406*j**2 + 76*j + 1291. Give w(-45).
-104
Let l(k) = -k**3 - 123*k**2 - 1231*k - 120. Give l(-112).
-232
Let q(d) = -d**3 - 174*d**2 - 499*d + 2440. Give q(-171).
46
Let x(j) = j**2 + 11*j - 4315. What is x(-70)?
-185
Let y(p) = -6559*p + 3732338. Calculate y(569).
267
Let s(v) = 208*v + 1734. What is s(-9)?
-138
Let b(s) = -s**3 + 263*s**2 + 774*s + 6345. Calculate b(266).
-39
Let c(h) = 124*h**3 - 6446*h**2 - 231*h + 6611. Calculate c(52).
7
Let c(x) = -x**2 - 50*x + 1760. Determine c(21).
269
Let k(u) = u**3 - 68*u**2 + 921*u - 41. What is k(50)?
1009
Let l(b) = 5855*b - 128799. Calculate l(22).
11
Let b(q) = -28142*q + 1097551. Give b(39).
13
Let w(u) = -400*u - 8724. What is w(-22)?
76
Let n(a) = 278*a**2 - 1819*a - 21. Calculate n(6).
-927
Let k(q) = -9*q**3 - 10*q**2 + 1208*q - 1203. Calculate k(1).
-14
Let v(t) = -t**3 - 8*t**2 - 19*t - 58. Give v(-9).
194
Let h(r) = r**3 + 220*r**2 - 301*r - 65421. Give h(-220).
799
Let h(r) = r**3 + 144*r**2 - 2161*r + 35615. Calculate h(-159).
-1
Let o(w) = -99*w - 2745. What is o(-38)?
1017
Let x(t) = 16*t**3 - 38*t**2 + 93*t + 90. Determine x(4).
878
Let r(d) = d**2 - 452*d + 46104. What is r(156)?
-72
Let i(l) = -1798*l - 10765. What is i(-6)?
23
Let p(x) = x**3 + 75*x**2 + 566*x - 1703. Calculate p(-66).
145
Let s(u) = -u**3 + u**2 + 77*u + 167. Give s(-2).
25
Let q(z) = -6*z**3 + 364*z**2 - 962*z + 1941. Give q(58).
-31
Let p(t) = t**3 + 88*t**2 - 3075*t - 12707. Give p(-114).
-53
Let n(t) = -146*t**2 - 53*t - 15. Determine n(-3).
-1170
Let c(i) = -2525*i**3 - 37874*i**2 - 18*i - 481. Calculate c(-15).
14
Let w(c) = -40*c - 608. What is w(17)?
-1288
Let q(k) = k**3 + 84*k**2 + 169*k - 297. Calculate q(-82).
-707
Let i(u) = -129*u**2 + 68110*u + 1047. What is i(528)?
-9
Let c(k) = -32*k**2 - 153*k + 307. Give c(2).
-127
Let a(z) = 3092*z + 538004. Calculate a(-174).
-4
Let r(d) = 1036*d**2 + 516*d - 500. Calculate r(1).
1052
Let t(v) = 68*v - 147. What is t(-10)?
-827
Let u(d) = 12892*d - 90480. Determine u(7).
-236
Let b(x) = -109*x**2 + 236752*x - 8688. Determine b(2172).
0
Let d(x) = -3*x**3 - 100*x**2 - 789*x - 244. Calculate d(-21).
8
Let s(n) = -n**2 - 591532*n + 1774600. Give s(3).
-5
Let p(g) = 29*g**2 - 101*g - 130. What is p(4)?
-70
Let o(m) = m**2 + 173*m + 7443. Give o(-86).
-39
Let j(s) = -2030145*s + 6090444. Give j(3).
9
Let l(o) = -4156*o + 191177. Calculate l(46).
1
Let u(j) = -14770*j + 14162. Determine u(1).
-608
Let f(w) = 573*w + 4970. Give f(-8).
386
Let v(b) = -19524*b + 175988. What is v(9)?
272
Let h(y) = -y**3 - 96*y**2 + 13396*y + 1290005. What is h(-97)?
2
Let u(z) = z**3 - 67*z**2 + 1044*z + 1502. Calculate u(40).
62
Let m(s) = 1069*s + 339936. What is m(-318)?
-6
Let y(m) = 583*m - 3256. Calculate y(6).
242
Let w(b) = 1087*b + 1215. Determine w(-1).
128
Let p(y) = 9385*y + 9032. Determine p(-1).
-353
Let a(i) = 3*i**2 + 11*i - 44. Determine a(-30).
2326
Let b(f) = 3*f**2 - 775*f + 1778. Determine b(256).
-14
Let l(z) = -2*z**3 + 23*z**2 - 2769*z + 36509. Determine l(13).
5
Let p(r) = 127*r**3 - 4827*r**2 + 54*r - 603. What is p(38)?
5
Let q(c) = -5554*c - 5498. Determine q(-1).
56
Let h(l) = -6473*l - 349548. Determine h(-54).
-6
Let u(o) = 918*o + 225821. Calculate u(-246).
-7
Let v(a) = 200*a + 3945. What is v(-21)?
-255
Let m(h) = 2*h**2 + 69*h - 607. Calculate m(7).
-26
Let w(g) = -g**3 + 452*g**2 + 23455*g + 106. Determine w(-47).
12
Let n(b) = 4*b**3 - 101*b**2 - 77*b + 2218. Give n(25).
-332
Let u(n) = n**3 - 1583*n**2 - 22918*n - 7838. Determine u(-14).
2
Let j(o) = -26*o**2 - 404*o - 666. Determine j(-13).
192
Let k(w) = 476*w - 79370. What is k(167)?
122
Let x(t) = 28*t**2 + 1095*t + 17. Determine x(-39).
-100
Let z(s) = -6*s**3 - 133*s**2 - 454*s - 69. Calculate z(-4).
3
Let b(r) = r**3 + 17*r**2 + 61*r + 167. Calculate b(-14).
-99
Let c(y) = -604*y + 15738. Determine c(26).
34
Let x(w) = -3*w**2 - 262*w + 83622. Determine x(129).
-99
Let s(w) = 2*w**3 - 500*w**2 - 1426*w + 105328. Calculate s(252).
-8
Let g(a) = -945*a + 31882. Calculate g(39).
-4973
Let l(f) = 4169*f - 20787. Give l(5).
58
Let w(l) = 1328*l + 138098. Calculate w(-104).
-14
Let t(f) = -2*f**2 - 445*f + 638. What is t(-224)?
-34
Let w(r) = 12*r**2 + 1138*r - 52893. Give w(-129).
-3
Let n(i) = 13139*i + 4007404. What is n(-305)?
9
Let t(j) = 10*j**2 + 490*j - 2997. Calculate t(6).
303
Let d(z) = 774*z - 94433. Determine d(122).
-5
Let j(d) = d**3 - 51*d**2 + 196*d - 390. Determine j(47).
-14
Let a(q) = -7*q**2 - 660*q - 9899. Calculate a(-15).
-1574
Let h(w) = 2*w**3 + 46*w**2 - 45*w - 84. Calculate h(-25).
-1459
Let j(n) = -18*n**3 - 1136*n**2 - 76*n + 3142. Calculate j(-63).
-8
Let y(l) = 1480*l + 65079. What is y(-44)?
-41
Let j(w) = 4*w**2 + 302*w + 5295. What is j(-48)?
15
Let c(x) = -x**3 - 1192*x**2 - 107213*x - 1096. Calculate c(-1094).
-2
Let v(y) = y**2 - 580*y - 11382. Determine v(-18).
-618
Let p(z) = z**3 - 166*z**2 + 1967*z + 3175. What is p(153)?
-191
Let c(n) = -n**3 - 28*n**2 - 39*n + 134. What is c(-26)?
-204
Let t(a) = -2*a**2 + 7132*a + 150652. What is t(-21)?
-2
Let n(u) = -25*u**2 + 4375*u - 21268. Calculate n(170).
-18
Let y(u) = u**3 + 53*u**2 - 307*u + 20. Calculate y(5).
-65
Let v(a) = -4*a**3 - 91*a**2 - 384*a + 1153. Determine v(-10).
-107
Let o(r) = -7*r**2 + 34439*r + 345091. Determine o(-10).
1
Let g(i) = -2*i**3 + 50*i - 91. Determine g(3).
5
Le